{"id":2197,"date":"2025-10-10T16:13:23","date_gmt":"2025-10-10T14:13:23","guid":{"rendered":"https:\/\/orapizm.art\/?page_id=2197"},"modified":"2025-10-11T19:13:24","modified_gmt":"2025-10-11T17:13:24","slug":"nagosc-presence","status":"publish","type":"page","link":"https:\/\/orapizm.art\/?page_id=2197","title":{"rendered":"NAGO\u015a\u0106 \/ PRESENCE"},"content":{"rendered":"\n<h1 class=\"wp-block-heading\">NAGO\u015a\u0106 w Orapizmie<\/h1>\n\n\n\n<h3 class=\"wp-block-heading\"><strong>I. Szkic \u2014 faza ego<\/strong><\/h3>\n\n\n\n<p><em>(\u015bwiat formy, kontrola, intencja)<\/em><\/p>\n\n\n\n<p>Szkic jest dzie\u0142em umys\u0142u, kt\u00f3ry wci\u0105\u017c wierzy, \u017ce potrafi uchwyci\u0107 doskona\u0142o\u015b\u0107.<br>To ruch kontroli \u2013 nie przep\u0142ywu.<br>Linia oddziela, definiuje, ustanawia granice: \u201etu ja\u201d, \u201etam cia\u0142o drugiego\u201d.<\/p>\n\n\n\n<p>W szkicu artysta jeszcze wierzy, \u017ce mo\u017ce posi\u0105\u015b\u0107 pi\u0119kno. Nawet, je\u017celi szkic cia\u0142a ukochanej to \u015bwiadectwo wspomnienia chwili,<br>gdy dwoje oddycha\u0142o jednym rytmem \u017cycia w akcie po\u0142\u0105czenia, to na p\u0142\u00f3tnie jest on po prostu \u015bladem tego zachwytu \u2013 harmoni\u0105, kt\u00f3ra zosta\u0142a uchwycona w ramy konceptu <strong>ego<\/strong>.<br>Cia\u0142o jest tu przedmiotem, nie przestrzeni\u0105.<\/p>\n\n\n\n<p><br>To \u015bwiat przed p\u0119kni\u0119ciem \u2013<br>\u015bwiat, kt\u00f3ry zaraz zostanie zniszczony.<\/p>\n\n\n\n<hr class=\"wp-block-separator has-alpha-channel-opacity\"\/>\n\n\n\n<h3 class=\"wp-block-heading\"><strong>II. Kolor \u2014 faza \u015bwiata<\/strong><\/h3>\n\n\n\n<p><em>(rozpad formy, bunt materii, b\u00f3l ego)<\/em><\/p>\n\n\n\n<p>Farba wdziera si\u0119 w doskona\u0142y szkic.<br>Rozlewa si\u0119 po liniach, kt\u00f3re mia\u0142y by\u0107 wieczne.<br>Zmazuje, rozmywa, brudzi.<\/p>\n\n\n\n<p>Ego dr\u017cy \u2013 nie wie, czy to profanacja, czy objawienie.<br>Pami\u0119\u0107 o pi\u0119knym szkicu staje si\u0119 ran\u0105.<br>Farba zamienia geometri\u0119 w chaos, dum\u0119 w rozpacz, wstyd.<\/p>\n\n\n\n<p>To <strong>\u015bwiat binarny w ca\u0142ej pe\u0142ni<\/strong> \u2013<br>duma i wstyd, b\u00f3l i zachwyt, destrukcja i narodziny, \u015bwiat\u0142o i cie\u0144.<br>Ka\u017cda barwa jest krzykiem materii,<br>kt\u00f3ra domaga si\u0119, by by\u0107 cz\u0119\u015bci\u0105 stworzenia.<\/p>\n\n\n\n<p>Orapista czuje po raz pierwszy,<br>\u017ce jego w\u0142asny obraz o sobie musi umrze\u0107.<br>Nie ma ju\u017c powrotu do czystej linii.<br>Nie ma powrotu do szkicu.<\/p>\n\n\n\n<p>Kolor wypala z\u0142udzenie panowania.<br>Otwiera ran\u0119, przez kt\u00f3r\u0105 mo\u017ce wej\u015b\u0107 obecno\u015b\u0107.<\/p>\n\n\n\n<hr class=\"wp-block-separator has-alpha-channel-opacity\"\/>\n\n\n\n<h3 class=\"wp-block-heading\"><strong>III. Rysy \u2014 faza Inacji<\/strong><\/h3>\n\n\n\n<p><em>(przepalenie formy, przekroczenie kreski, zjednoczenie w dzia\u0142aniu)<\/em><\/p>\n\n\n\n<p>W mi\u0142osnym spl\u0105taniu \u2013 je\u015bli jest prawdziwie \u015bwiadome \u2013 energia dw\u00f3ch cia\u0142 przestaje by\u0107 wymian\u0105.<br>Staje si\u0119 <strong>kr\u0105\u017ceniem jednej fali w dw\u00f3ch formach<\/strong>.<\/p>\n\n\n\n<p>W tym momencie ko\u0144cz\u0105 si\u0119 granice dialogu,<br>a zaczyna <strong>Inacja<\/strong> \u2013 stan, w kt\u00f3rym ruch i obecno\u015b\u0107 s\u0105 jednym.<\/p>\n\n\n\n<p>Nie ma ju\u017c \u201eona\u201d i \u201eja\u201d \u2013<br>jest <strong>pole wsp\u00f3lnego istnienia<\/strong>,<br>gdzie mi\u0142o\u015b\u0107 nie potrzebuje formy, by by\u0107.<br>Cia\u0142a staj\u0105 si\u0119 przejrzyste dla siebie,<br>a ka\u017cdy gest \u2013 \u015bladem Jedni.<\/p>\n\n\n\n<p>Tu nie chodzi o biologi\u0119 \u2013 lecz o <strong>przemian\u0119 energii w obecno\u015b\u0107<\/strong>.<br>Zmys\u0142owo\u015b\u0107 nie znika \u2013 <strong>intensyfikuje si\u0119, a\u017c przekracza sam\u0105 siebie<\/strong>.<br>To moment, gdy doznania staj\u0105 si\u0119 tak pe\u0142ne, \u017ce przestaj\u0105 dzieli\u0107.<br>Nie gasn\u0105 \u2013 <strong>przepalaj\u0105 granic\u0119 mi\u0119dzy czuciem a \u015bwiadomo\u015bci\u0105<\/strong>.<\/p>\n\n\n\n<p>Orapista <strong>przekracza kresk\u0119<\/strong> \u2013 dos\u0142ownie i wewn\u0119trznie.<br>R\u0119ka nie rysuje ju\u017c, lecz dr\u017cy.<br>Gest staje si\u0119 samym \u015bwiat\u0142em.<br>Cia\u0142o nie uspokaja si\u0119 \u2013 <strong>roz\u015bwietla si\u0119 od \u015brodka<\/strong>.<\/p>\n\n\n\n<hr class=\"wp-block-separator has-alpha-channel-opacity\"\/>\n\n\n\n<h3 class=\"wp-block-heading\"><strong>IV. Cisza \u2014 faza Ja\u017ani<\/strong><\/h3>\n\n\n\n<p><em>(drapanie, zatarcie, spe\u0142nienie przez po\u0142\u0105czenie, rozpuszczenie ruchu pomi\u0119dzy)<\/em><\/p>\n\n\n\n<p>Dawne drogi zjednoczenia ko\u0144czy\u0142y si\u0119 tam,<br>gdzie pozostawa\u0142o jeszcze \u201edwoje\u201d.<br>Inacja otwiera dalszy wymiar.<\/p>\n\n\n\n<p>To nie akt erotyczny ani mistyczny \u2013<br>lecz zapis chwili, w kt\u00f3rej duch i materia przestaj\u0105 by\u0107 rozdzielne.<\/p>\n\n\n\n<p>To nie wznoszenie si\u0119 ponad cia\u0142o,<br>lecz <strong>rozpoznanie, \u017ce cia\u0142o ju\u017c jest \u015bwiat\u0142em<\/strong>.<\/p>\n\n\n\n<p>Nie chodzi o \u201ewi\u0119cej\u201d \u2013 chodzi o <strong>rozpuszczenie ruchu pomi\u0119dzy<\/strong>.<br>W Inacji nie ma \u201eprzekraczania\u201d ku transcendencji.<br><strong>Transcendencja wydarza si\u0119 w samym do\u015bwiadczeniu.<\/strong><\/p>\n\n\n\n<p>Orapista przebywa w poszerzonej \u015bwiadomo\u015bci.<\/p>\n\n\n\n<p>I wtedy \u2013<br>koniec szpachli drapie powierzchni\u0119.<br>Nie po to, by zniszczy\u0107, lecz by uwolni\u0107.<br>Ostatni gest wymazuje malarza.<br>Obraz zaczyna oddycha\u0107 sam.<\/p>\n\n\n\n<p><strong>Bycie staje si\u0119 widzialne<\/strong>.<\/p>\n\n\n\n<p>Zmys\u0142owo\u015b\u0107 staje si\u0119 drog\u0105 u\u015bwi\u0119cenia,<br>a cisza \u2013 dowodem, \u017ce pe\u0142nia ju\u017c si\u0119 wydarzy\u0142a.<\/p>\n\n\n\n<hr class=\"wp-block-separator has-alpha-channel-opacity\"\/>\n\n\n\n<p> <em>\u201eNago\u015b\u0107 nie jest ko\u0144cem wstydu. Jest pocz\u0105tkiem prawdy.\u201d<\/em><\/p>\n\n\n\n<p><\/p>\n\n\n\n<h2 class=\"wp-block-heading\"><strong>NUDITY in Orapism<\/strong><\/h2>\n\n\n\n<h3 class=\"wp-block-heading\"><strong>I. Sketch \u2014 the phase of ego<\/strong><\/h3>\n\n\n\n<p><em>(the world of form, control, intention)<\/em><\/p>\n\n\n\n<p>The sketch is the work of a mind that still believes it can capture perfection.<br>It is an act of control \u2014 not of flow.<br>A line that separates, defines, establishes boundaries:<br>\u201chere I am,\u201d \u201cthere \u2014 the body of the other.\u201d<\/p>\n\n\n\n<p>In the sketch, the artist still believes he can possess beauty.<br>Even if the sketch of the beloved\u2019s body is a testimony,<br>a memory of the moment when two breathed with one rhythm of life in an act of union,<br>on the canvas it remains only the trace of that admiration \u2014<br>a harmony held within the frame of the ego\u2019s concept.<\/p>\n\n\n\n<p>Here, the body is an object, not a space.<\/p>\n\n\n\n<p>It is the world before the fracture \u2014<br>a world about to be destroyed.<\/p>\n\n\n\n<hr class=\"wp-block-separator has-alpha-channel-opacity\"\/>\n\n\n\n<h3 class=\"wp-block-heading\"><strong>II. Colour \u2014 the phase of the world<\/strong><\/h3>\n\n\n\n<p><em>(the collapse of form, the rebellion of matter, the pain of ego)<\/em><\/p>\n\n\n\n<p>Paint breaks into the perfect sketch.<br>It spreads across the lines that were meant to be eternal.<br>It blurs, erases, stains.<\/p>\n\n\n\n<p>Ego trembles \u2014 unsure whether this is desecration or revelation.<br>The memory of the beautiful sketch becomes a wound.<br>Paint turns geometry into chaos, pride into despair \u2014 and into shame.<\/p>\n\n\n\n<p>This is the binary world in its fullness \u2014<br>pride and shame, pain and wonder, destruction and birth, light and shadow.<br>Each colour is a cry of matter<br>demanding to take part in creation.<\/p>\n\n\n\n<p>For the first time, the Orapist feels<br>that his image of himself must die.<br>There is no way back to the pure line.<br>No return to the sketch.<\/p>\n\n\n\n<p>Colour burns away the illusion of mastery.<br>It opens the wound through which presence may enter.<\/p>\n\n\n\n<hr class=\"wp-block-separator has-alpha-channel-opacity\"\/>\n\n\n\n<h3 class=\"wp-block-heading\"><strong>III. Traces \u2014 the phase of Ination<\/strong><\/h3>\n\n\n\n<p><em>(the burning of form, the crossing of the line, unity in action)<\/em><\/p>\n\n\n\n<p>In love entanglement &#8211; if it is truly conscious &#8211; the energy of the two bodies ceases to be an exchange.<br>It becomes the circulation of a single wave through two forms.<\/p>\n\n\n\n<p>At this point, dialogue ends,<br>and <strong>Ination<\/strong> begins \u2014<br>the state in which movement and presence are one.<\/p>\n\n\n\n<p>There is no longer \u201cshe\u201d and \u201cI\u201d \u2014<br>only a <strong>shared field of being<\/strong>,<br>where love no longer needs form to exist.<br>Bodies become transparent to one another,<br>and every gesture is a trace of unity.<\/p>\n\n\n\n<p>It is not about biology,<br>but about <strong>the transformation of energy into presence.<\/strong><br>Sensuality does not fade \u2014 it <strong>intensifies until it transcends itself.<\/strong><br>It is the moment when experience becomes so full<br>that it no longer divides.<br>It does not extinguish \u2014 it burns through the boundary<br>between sensation and awareness.<\/p>\n\n\n\n<p>The Orapist <strong>crosses the line<\/strong> \u2014 literally and inwardly.<br>The hand no longer draws \u2014 it trembles.<br>The gesture becomes light itself.<br>The body does not calm \u2014 it <strong>radiates from within.<\/strong><\/p>\n\n\n\n<hr class=\"wp-block-separator has-alpha-channel-opacity\"\/>\n\n\n\n<h3 class=\"wp-block-heading\"><strong>IV. Silence \u2014 the phase of the Self<\/strong><\/h3>\n\n\n\n<p><em>(scraping, erasure, fulfilment through union, dissolving the movement between)<\/em><\/p>\n\n\n\n<p>The old paths of union ended<br>where \u201ctwo\u201d still remained.<br><strong>Ination<\/strong> opens a further dimension.<\/p>\n\n\n\n<p>It is not an erotic act, nor a mystical one \u2014<br>but the record of a moment<br>when spirit and matter cease to be divided.<\/p>\n\n\n\n<p>It is not an ascent above the body,<br>but the recognition that the body is already light.<\/p>\n\n\n\n<p>It is not about \u201cmore\u201d \u2014<br>it is about <strong>the dissolving of movement between.<\/strong><br>In Ination, there is no reaching toward transcendence.<br><strong>Transcendence happens within the experience itself.<\/strong><\/p>\n\n\n\n<p>The Orapist abides in expanded awareness.<\/p>\n\n\n\n<p>And then \u2014<br>blade of spatula scratches the surface.<br>Not to destroy, but to release.<br>The final gesture erases the painter.<br>The painting begins to breathe on its own.<\/p>\n\n\n\n<p>Being becomes visible.<\/p>\n\n\n\n<p>Sensuality becomes a path of sanctification,<br>and silence \u2014 the proof that wholeness has already occurred.<\/p>\n\n\n\n<p><em>\u201cNudity is not the end of shame.<br>It is the beginning of truth.\u201d<\/em><\/p>\n\n\n\n<figure class=\"wp-block-gallery has-nested-images columns-default is-cropped wp-block-gallery-1 is-layout-flex wp-block-gallery-is-layout-flex\">\n<figure class=\"wp-block-image size-large\"><img loading=\"lazy\" decoding=\"async\" width=\"771\" height=\"1024\" data-id=\"2224\" src=\"https:\/\/orapizm.art\/wp-content\/uploads\/2025\/10\/IMG20251008185003-771x1024.jpg\" alt=\"\" class=\"wp-image-2224\" srcset=\"https:\/\/orapizm.art\/wp-content\/uploads\/2025\/10\/IMG20251008185003-771x1024.jpg 771w, https:\/\/orapizm.art\/wp-content\/uploads\/2025\/10\/IMG20251008185003-226x300.jpg 226w, https:\/\/orapizm.art\/wp-content\/uploads\/2025\/10\/IMG20251008185003-768x1020.jpg 768w, https:\/\/orapizm.art\/wp-content\/uploads\/2025\/10\/IMG20251008185003-1157x1536.jpg 1157w, https:\/\/orapizm.art\/wp-content\/uploads\/2025\/10\/IMG20251008185003-1542x2048.jpg 1542w, https:\/\/orapizm.art\/wp-content\/uploads\/2025\/10\/IMG20251008185003-452x600.jpg 452w, https:\/\/orapizm.art\/wp-content\/uploads\/2025\/10\/IMG20251008185003-scaled.jpg 1928w\" sizes=\"auto, (max-width: 771px) 100vw, 771px\" \/><\/figure>\n\n\n\n<figure class=\"wp-block-image size-large\"><img loading=\"lazy\" decoding=\"async\" width=\"771\" height=\"1024\" data-id=\"2225\" src=\"https:\/\/orapizm.art\/wp-content\/uploads\/2025\/10\/IMG20251008185507-771x1024.jpg\" alt=\"\" class=\"wp-image-2225\" srcset=\"https:\/\/orapizm.art\/wp-content\/uploads\/2025\/10\/IMG20251008185507-771x1024.jpg 771w, https:\/\/orapizm.art\/wp-content\/uploads\/2025\/10\/IMG20251008185507-226x300.jpg 226w, https:\/\/orapizm.art\/wp-content\/uploads\/2025\/10\/IMG20251008185507-768x1020.jpg 768w, https:\/\/orapizm.art\/wp-content\/uploads\/2025\/10\/IMG20251008185507-1157x1536.jpg 1157w, https:\/\/orapizm.art\/wp-content\/uploads\/2025\/10\/IMG20251008185507-1542x2048.jpg 1542w, https:\/\/orapizm.art\/wp-content\/uploads\/2025\/10\/IMG20251008185507-452x600.jpg 452w, https:\/\/orapizm.art\/wp-content\/uploads\/2025\/10\/IMG20251008185507-scaled.jpg 1928w\" sizes=\"auto, (max-width: 771px) 100vw, 771px\" \/><\/figure>\n\n\n\n<figure class=\"wp-block-image size-large\"><img loading=\"lazy\" decoding=\"async\" width=\"771\" height=\"1024\" data-id=\"2226\" src=\"https:\/\/orapizm.art\/wp-content\/uploads\/2025\/10\/IMG20251008191433-771x1024.jpg\" alt=\"\" class=\"wp-image-2226\" srcset=\"https:\/\/orapizm.art\/wp-content\/uploads\/2025\/10\/IMG20251008191433-771x1024.jpg 771w, https:\/\/orapizm.art\/wp-content\/uploads\/2025\/10\/IMG20251008191433-226x300.jpg 226w, https:\/\/orapizm.art\/wp-content\/uploads\/2025\/10\/IMG20251008191433-768x1020.jpg 768w, https:\/\/orapizm.art\/wp-content\/uploads\/2025\/10\/IMG20251008191433-1157x1536.jpg 1157w, https:\/\/orapizm.art\/wp-content\/uploads\/2025\/10\/IMG20251008191433-1542x2048.jpg 1542w, https:\/\/orapizm.art\/wp-content\/uploads\/2025\/10\/IMG20251008191433-452x600.jpg 452w, https:\/\/orapizm.art\/wp-content\/uploads\/2025\/10\/IMG20251008191433-scaled.jpg 1928w\" sizes=\"auto, (max-width: 771px) 100vw, 771px\" \/><\/figure>\n\n\n\n<figure class=\"wp-block-image size-large\"><img loading=\"lazy\" decoding=\"async\" width=\"771\" height=\"1024\" data-id=\"2227\" src=\"https:\/\/orapizm.art\/wp-content\/uploads\/2025\/10\/IMG20251008192017-771x1024.jpg\" alt=\"\" class=\"wp-image-2227\" srcset=\"https:\/\/orapizm.art\/wp-content\/uploads\/2025\/10\/IMG20251008192017-771x1024.jpg 771w, https:\/\/orapizm.art\/wp-content\/uploads\/2025\/10\/IMG20251008192017-226x300.jpg 226w, https:\/\/orapizm.art\/wp-content\/uploads\/2025\/10\/IMG20251008192017-768x1020.jpg 768w, https:\/\/orapizm.art\/wp-content\/uploads\/2025\/10\/IMG20251008192017-1157x1536.jpg 1157w, https:\/\/orapizm.art\/wp-content\/uploads\/2025\/10\/IMG20251008192017-1542x2048.jpg 1542w, https:\/\/orapizm.art\/wp-content\/uploads\/2025\/10\/IMG20251008192017-452x600.jpg 452w, https:\/\/orapizm.art\/wp-content\/uploads\/2025\/10\/IMG20251008192017-scaled.jpg 1928w\" sizes=\"auto, (max-width: 771px) 100vw, 771px\" \/><\/figure>\n<\/figure>\n","protected":false},"excerpt":{"rendered":"<p>NAGO\u015a\u0106 w Orapizmie I. Szkic \u2014 faza ego (\u015bwiat formy, kontrola, intencja) Szkic jest dzie\u0142em umys\u0142u, kt\u00f3ry wci\u0105\u017c wierzy, \u017ce potrafi uchwyci\u0107 doskona\u0142o\u015b\u0107.To ruch kontroli \u2013 nie przep\u0142ywu.Linia oddziela, definiuje, ustanawia granice: \u201etu ja\u201d, \u201etam cia\u0142o drugiego\u201d. W szkicu artysta jeszcze wierzy, \u017ce mo\u017ce posi\u0105\u015b\u0107 pi\u0119kno. Nawet, je\u017celi szkic cia\u0142a ukochanej to \u015bwiadectwo wspomnienia chwili,gdy &hellip; <a href=\"https:\/\/orapizm.art\/?page_id=2197\" class=\"more-link\">Czytaj dalej <span class=\"screen-reader-text\">NAGO\u015a\u0106 \/ PRESENCE<\/span> <span class=\"meta-nav\">&rarr;<\/span><\/a><\/p>\n","protected":false},"author":1,"featured_media":0,"parent":0,"menu_order":0,"comment_status":"closed","ping_status":"closed","template":"","meta":{"two_page_speed":[],"footnotes":""},"class_list":["post-2197","page","type-page","status-publish","hentry"],"_links":{"self":[{"href":"https:\/\/orapizm.art\/index.php?rest_route=\/wp\/v2\/pages\/2197","targetHints":{"allow":["GET"]}}],"collection":[{"href":"https:\/\/orapizm.art\/index.php?rest_route=\/wp\/v2\/pages"}],"about":[{"href":"https:\/\/orapizm.art\/index.php?rest_route=\/wp\/v2\/types\/page"}],"author":[{"embeddable":true,"href":"https:\/\/orapizm.art\/index.php?rest_route=\/wp\/v2\/users\/1"}],"replies":[{"embeddable":true,"href":"https:\/\/orapizm.art\/index.php?rest_route=%2Fwp%2Fv2%2Fcomments&post=2197"}],"version-history":[{"count":21,"href":"https:\/\/orapizm.art\/index.php?rest_route=\/wp\/v2\/pages\/2197\/revisions"}],"predecessor-version":[{"id":2235,"href":"https:\/\/orapizm.art\/index.php?rest_route=\/wp\/v2\/pages\/2197\/revisions\/2235"}],"wp:attachment":[{"href":"https:\/\/orapizm.art\/index.php?rest_route=%2Fwp%2Fv2%2Fmedia&parent=2197"}],"curies":[{"name":"wp","href":"https:\/\/api.w.org\/{rel}","templated":true}]}}